- d. Let p(v) = 4 + 7 - 10 + c*v. What is p(-1)?
-18
Let a(p) = 8*p**3 + 0 + 16*p**3 - 15 + 10*p**3 + 12*p - 35*p**3 + 10*p**2. Suppose -h + 4 = -7. Calculate a(h).
-4
Let m(c) = -c**2 + 12*c - 22. Let n be 1206/153 - (-10)/85. Give m(n).
10
Let p(h) = 2*h + 6. Let s = -3022 + 3016. Determine p(s).
-6
Let x(v) = 28*v**2 + 56*v - 9. Let r be x(-2). Let l(w) = -w**3 - 10*w**2 + 10. Calculate l(r).
-71
Let r(i) = -i. Suppose -6*x - 33 = 3. Let v(a) = -4*a + 2. Let z(k) = x*r(k) + 2*v(k). Determine z(7).
-10
Let t be (-44)/(-10)*550/(-220). Let l(w) = -w**2 - 10*w + 19. What is l(t)?
8
Let x(o) = -o**3 - 7*o**2 - 15*o - 20. Let b be x(-6). Let t(l) = 6*l - 196. Calculate t(b).
8
Let n(j) = -3*j**3 - 2*j - 1. Suppose -13*b = -19*b - 72. Let y be 3*(28/b - -2). Calculate n(y).
4
Let i(l) = l**2 - 8*l. Let c(a) = -14*a + 7 - 7 - a**2 + 11. Let s be c(-4). Suppose 4*f - s = -15. Calculate i(f).
9
Let d = -38 + 50. Let z(p) = d - 1 - 2 + p. Calculate z(-9).
0
Let l = 0 + 1. Let j(p) be the second derivative of -11*p**8/6720 - p**7/2520 + 241*p**4/12 - 199*p. Let g(m) be the third derivative of j(m). Give g(l).
-12
Let u(f) be the second derivative of -17*f**3/3 + 163*f**2/2 - 21*f - 12. Give u(5).
-7
Let h(j) = j**2 + 12*j + 2. Let x be h(-12). Suppose x*m + 15 = 5. Let o(t) be the first derivative of t**3/3 + 2*t**2 - 5*t + 14. What is o(m)?
0
Suppose -2*a + 2 = -4*n, -n + 2*a = -8 + 1. Let z be (1 - 0) + (n - -6). Let s(i) be the first derivative of i**2 + 1. Calculate s(z).
8
Let i(n) = n**2 + n + 1. Let k(h) = -h**3 + 9*h**2 + 12*h - 16. Let r(g) = -5*i(g) + k(g). Determine r(5).
-11
Let z(g) = -3*g**2 + 40*g - 66. Suppose -12*u + 2563 - 2419 = 0. Determine z(u).
-18
Let j(q) = q + 1. Let w be j(1). Let i(z) = -z - 2*z - w*z + 7*z + 3. Suppose -3*p + 68 = -2*h + 64, 2*h + 2*p = -4. What is i(h)?
-1
Let x(n) = -3 + 2*n - 25*n**3 + 47*n**3 - 23*n**3. Let j = -660 + 660. Give x(j).
-3
Suppose -2*m - 394*y + 45 = -397*y, 2*y - 10 = -2*m. Let n(b) = -b**2 + 11*b + 5. Give n(m).
-7
Let x(z) = z**3 - 3*z**2 - 2*z - 1. Suppose -4*c + 268 = -2*k, -4*c + 11 = -k - 121. Suppose -5*b - 760 + 100 = 0. Let h = b - k. Give x(h).
7
Let d(a) = 3*a**3 - 8*a**2 + 3*a - 3. Let m be (37/148)/(7/84). Determine d(m).
15
Let n(z) = -z**3 - 6*z**2 - z - 5. Suppose 3*r + 160 + 68 = 0. Let c = r + 70. Give n(c).
1
Let g(n) = -112*n**3 - 5*n**2 - 8*n + 21. Let u(f) = -61*f**3 - 3*f**2 - 4*f + 11. Let x(c) = -6*g(c) + 11*u(c). Determine x(3).
7
Let k(r) be the third derivative of 5*r**4/24 - r**3/6 + r**2. Let p = -527 + 886. Let n = p - 357. Calculate k(n).
9
Let z be (1 - 2)*(-5 - -2 - -1). Let j be (-6)/z - (10 - 14). Let m(x) = -x**3 - x + 1. What is m(j)?
-1
Let i = -2 + 5. Let d(p) be the first derivative of -13 + 1/4*p**4 - 4*p - 4/3*p**3 + 5/2*p**2. What is d(i)?
2
Let n(o) = 19*o**2 - 34*o + 19. Let v be n(11). Let c(t) = -v*t + 1932*t - 3 + 3. Let s(w) = -w**2 - 3*w + 5. Let d be s(-4). What is c(d)?
-12
Let m be ((-95)/35)/(-1) - 4/(-14). Suppose -m*a = 6 + 12. Let b(r) = -r**2 - r + 1. Let c(o) = 4*o**2 + 7*o + 4. Let u(q) = 3*b(q) + c(q). Give u(a).
19
Let x(w) = 5*w**2 - 34*w - 5. Let p(r) = -2*r**2 + 12*r + 2. Let f(j) = 8*p(j) + 3*x(j). What is f(3)?
-26
Suppose -5*h + 13 = 48. Let n(d) = 7 - 455*d + 795*d - 339*d. Give n(h).
0
Let n(w) be the third derivative of w**6/60 + 17*w**5/60 + 5*w**4/24 - 5*w**3/2 - 874*w**2. Give n(-8).
9
Let x(q) = 2*q**2 - 13*q. Suppose 0 = 49*f - 3500 + 3108. Calculate x(f).
24
Let y(d) = 3*d + 3*d**2 + 3*d - 2*d - d. Let r(q) = -2*q**3 + 36*q**2 + 2*q - 38. Suppose 2*s = 12*s - 180. Let g be r(s). Give y(g).
6
Let o(l) be the third derivative of -4 - 2*l**2 + 1/60*l**5 - 1/24*l**4 + 11/6*l**3 + 0*l. Determine o(0).
11
Let k(w) be the first derivative of -w**3/3 + 3*w**2 + w + 62. Let i be (-1)/(-4) + 14/8. Let x = i - -5. What is k(x)?
-6
Let p(c) be the second derivative of -c**5/20 + 5*c**4/6 - c**3 - 33*c**2/2 + 2150*c. What is p(9)?
-6
Let r(l) = l - 6. Let m be (-7)/(-2) + (-4212)/(-24). Let n = 183 - m. Give r(n).
-2
Let f(s) be the second derivative of -s**6/360 - s**5/60 - 7*s**4/12 + 3*s - 1. Let c(n) be the third derivative of f(n). Calculate c(-3).
4
Let m(a) = -8*a + 13. Let x(j) = 3*j - 4. Let p(h) = 4*m(h) + 11*x(h). Let r be 3*((-700)/(-15))/(-14). Give p(r).
-2
Let s = -349 + 454. Suppose -20*v + s = v. Let z(p) = -p. What is z(v)?
-5
Let p(v) = -10*v - v - 1 + v. Suppose -6*m = -5*m + 2*i - 30, 3*i = -4*m + 120. Let h(y) = 3*y**2 - 91*y + 31. Let n be h(m). Give p(n).
-11
Suppose 5*i + 2*y + 0 = 2, i + 3 = 3*y. Let q(t) = 40*t - 11 - 19*t - 10*t**2 + i*t**3 - 18*t - 12*t + t**3. Calculate q(11).
11
Let q = -19 + 28. Let d = 7 - q. Let w(x) = -x**3 - 2*x**3 - 81*x**2 + 4*x**3 - 3*x**3 + 79*x**2. Determine w(d).
8
Let c(d) = d - 11. Let a be 10/(-15) - (-47)/3. Suppose -a*x + 5*x = -190. Suppose -2*q + 3*v - 28 = 0, -5*v + x + 1 = 0. Determine c(q).
-19
Let v(q) = -q**3 - 3*q**2 + 7*q - 2. Let p(t) = -t**2 + t. Let h(b) = 5*p(b) - v(b). Let f(j) = j + 9. Let d be f(-6). Determine h(d).
5
Suppose -149*q - 1023 = -129. Let y(j) = 6*j + 8. Calculate y(q).
-28
Let l(o) = o**2 + 4*o - 11. Suppose -36*s + 3*n + 3 = -37*s, 0 = 4*n + 12. Let x(i) = -2*i**2 - 9*i + 23. Let p(m) = s*x(m) + 13*l(m). Determine p(4).
3
Let n(x) = 4*x**2 - 11*x + 34. Let a(o) = 9*o**2 - 23*o + 73. Let p(r) = 6*a(r) - 13*n(r). Calculate p(-5).
21
Let y = 0 - 20. Let c be (-1)/((-56)/y - 3). Suppose -3 = 2*p + c. Let s(l) = l**3 + 6*l**2 + 6*l + 6. Calculate s(p).
14
Let l(n) = 5*n + 38297 - n - 38294. Determine l(2).
11
Let u(a) = 197*a - 40. Let g(y) = 66*y. Let c(n) = 3*g(n) - u(n). Calculate c(4).
44
Let g(n) = -13*n**2 - 76*n + 141. Let v(h) = 8*h**2 + 50*h - 94. Let i(c) = -5*g(c) - 8*v(c). Calculate i(11).
-52
Let s(f) = 2*f - 27. Let p(h) = h - 18. Let v(c) = 8*p(c) - 5*s(c). Suppose -16 = -b + 5*y, 2*b + 33*y = 36*y + 4. What is v(b)?
-1
Suppose 38*i = -41 + 535. Let w(p) = -29*p - 1 + 60*p - 18*p - 27*p - i*p. Determine w(-1).
26
Suppose -9*d + 88 + 83 = 0. Suppose -d = -30*i + 11. Let v(l) = 8*l - 2. Determine v(i).
6
Suppose -h + 35 = -6*h. Let u(q) = 7*q + 7. Let r(b) = -84*b - 75*b + 167*b + 8. Let a(f) = h*u(f) + 6*r(f). Give a(-4).
3
Suppose 0 = -0*h - h + 2*d + 13, 0 = -2*h + 3*d + 22. Let q(f) = 3*f - 4*f**2 + 0*f - h + 10*f**2 - 4*f + f**3. What is q(-4)?
31
Let r(i) = 4*i**2 - 41*i + 1. Let u(q) = -2*q**2 + 16*q - 1. Let d(m) = 2*r(m) + 5*u(m). Determine d(-4).
-27
Let v(f) = -f**2 + 18*f - 8. Let c be v(16). Let q(o) = 7*o - c + 2*o - o**2 + 16*o - 38*o. Determine q(-10).
6
Let r(x) be the first derivative of -x**2/2 - 17. Let q be 222/14 - 4/(-28). Suppose 0 = -3*n + k + 4, -n = 2*k + 2*k + q. Determine r(n).
0
Let x(n) = 4*n + n - 3*n - 6*n + 6. Let o be ((-4)/(-7))/(-2)*(-1428)/(-68). What is x(o)?
30
Let m(i) = 35225*i + 2 - 35239*i - i**2 + 2. Calculate m(-11).
37
Let d be 75/(-10)*2/3. Let i(g) = 3*g + 8. Let n(t) = 8*t + 25. Let k(f) = -7*i(f) + 2*n(f). Determine k(d).
19
Let g = 7314 + -7276. Let b(m) = m**2 - 36*m - 65. Calculate b(g).
11
Let p be 0 + (43 - 16/(-4)). Let v = p + -58. Let x(a) = 2*a**2 + 20*a - 18. Give x(v).
4
Suppose -c + a + 10 = 0, -4*a - 26 = -2*c - 0*c. Let g(k) = k**2 + 3*k - 7. Determine g(c).
63
Let k(n) be the first derivative of 9*n**2/2 + 27*n - 3. Let f be 26/4*60/65. Let o(c) = 5*c + 13. Let b(g) = f*k(g) - 11*o(g). Determine b(9).
10
Let f(l) = 0*l - 9 - 33*l**2 + 7 + 35*l**2 + l - 18*l**2. Determine f(1).
-17
Let j be (96/18)/(-8)*6/4. Let a(m) = 4*m**3 + m**2 - m - 1. Let x(h) = 19*h**3 - 2*h**2 - 9*h + 8. Let b(y) = j*x(y) + 5*a(y). Determine b(-6).
-1
Let n be 6*1*(-3)/(-6). Let r(i) = n - i**2 - 2*i + 0*i - 2. Let x = -141 - -137. Calculate r(x).
-7
Let t(o) = 13*o + 9 + 15 - 13 + 2*o**2 + 8 - 2*o. What is t(-8)?
59
Let b(p) = -43. Let r(j) = -3*j - 180. Let l(f) = 5*b(f) - r(f). Give l(10).
-5
Let j(l) = l - 14. Let n be j(16). Let x(o) = o**3 - 65*o**2 + 1 - 63*o**n + o + 132*o**2. Calculate x(-4).
-3
Let g(d) = -d - 13. Let j = 2426 + -2420. What is g(j)?
-19
Let o(f) be the first derivative of -f**3/3 + 9*f**2 - 93*f - 3324. Calculate o(12).
-21
Suppose 24 = 2*k + 3*s, -5*k - 170*s = -175*s - 10. Let l(y) be the third derivative of y**6/120 - y**5/15 - y**4/3 - 5*y**3/6 + 19